. What is the remainder when (-18)/(-4)*6/9 is divided by (-1)/(-6)*-3*r?
0
Let i(b) = -b**3 + 7*b**2 + 9*b + 6. Let y be i(7). Suppose a = 3*l - 3*a - y, -5*l + 115 = -4*a. Calculate the remainder when 41 is divided by l.
18
Suppose -2*a + 40*k - 45*k + 22 = 0, 0 = a + k - 17. What is the remainder when a is divided by (6/(-2))/((-1)/4)?
9
Let f(h) = -h**2 - 42*h - 240. What is the remainder when f(-31) is divided by 26?
23
Let w = -243 + 284. What is the remainder when w is divided by 12?
5
Let d = 39 - 41. Calculate the remainder when 99 is divided by (-6)/(-2) + 18 + (d - -1).
19
Let i(p) = -5*p - 5. Let m be i(-8). Let s = 5 + m. Suppose w + 6 = s. Calculate the remainder when w is divided by 6.
4
Suppose 5*v - 1601 = -w - 565, 8 = -2*w. What is the remainder when v is divided by 77?
54
Suppose -119 = -w + 3*t, 2*w - 238 = -0*w - 3*t. What is the remainder when w is divided by 16?
7
Let r = 213 - 165. What is the remainder when 157 is divided by r?
13
Let b = -816 - -1571. What is the remainder when b is divided by 42?
41
Let s(m) = m - 7. Let g be s(6). What is the remainder when (83 + 0)*(g - -2) is divided by 4/8 + (-287)/(-14)?
20
What is the remainder when 77 is divided by (-234)/(-52)*(-4)/(-3)?
5
Suppose -3*a = 3, 0 = -x - 5*a + 1 - 3. Suppose -37 = -3*d - 2*o, -4*d = -5*d + x*o + 16. Let p = 37 + -13. What is the remainder when p is divided by d?
11
Suppose 0 = 3*m + 8*w - 5*w - 66, 5*m = 5*w + 150. What is the remainder when 126 is divided by m?
22
Let j(p) = -p**3 - 20*p**2 + 68*p - 5. Calculate the remainder when j(-23) is divided by 8.
2
Suppose -8*k = -k + 931. Let m = k - -232. What is the remainder when m is divided by 25?
24
Suppose 20*m = 16*m + 16. What is the remainder when 15 is divided by m?
3
Let j(a) = 3*a**2 - 8*a + 9. Let r be j(2). Suppose 3*v + 3*t = 63, 0*v - r*t - 39 = -4*v. Calculate the remainder when 61 is divided by v.
13
Let f = -17 - -21. Suppose 3*d - f*x - 34 = 0, 0*d + 2*x = -d - 2. Let y = 7 - -16. What is the remainder when y is divided by d?
5
Suppose -228 = -4*v - 4*z, 0 = -4*v + 3*v - 5*z + 77. Let h = -87 - -48. Let b = v - h. Calculate the remainder when b is divided by 31.
29
Calculate the remainder when -1 - (-3 + -2) - (-153 + 21) is divided by 7.
3
Let t(y) = 2*y - 5. What is the remainder when 134 is divided by t(5)?
4
Suppose 24*g - 1140 = 2172. What is the remainder when 138 is divided by g?
0
Let k(o) = -o**2 - 10*o - 4. Let i be (-48)/(-20)*30/(-9). Let x = 83 + -48. Calculate the remainder when x is divided by k(i).
11
What is the remainder when 105 is divided by ((-186)/18 - -9)/((-2)/81)?
51
Suppose -25*r = -21*r - 52. Suppose 0*y - 2*y = -254. What is the remainder when y is divided by r?
10
Suppose -y + 292 = -4*n, -y + 3*n = -2*n - 288. What is the remainder when y is divided by 42?
14
Let y(o) = -32*o - 5. Let x be y(-5). Suppose -5*d + x + 100 = 0. Calculate the remainder when d is divided by 20 + (5 - 1) - -3.
24
Suppose 26 - 6 = n. Let y be (12/78 - (-178)/26) + -3. Suppose d - 230 = -y*f, -5*f - 5*d = -f - 222. Calculate the remainder when f is divided by n.
18
Suppose 7*f + 50 = 2*s + 4*f, 4 = -2*f. Calculate the remainder when s is divided by 12.
10
Let i = 590 + -395. What is the remainder when i is divided by 11?
8
What is the remainder when 108 is divided by 4/18 + ((-1047)/(-27) - 1)?
32
Suppose r + 452 = 4*m, 5*m = -r + 501 + 64. What is the remainder when m is divided by 30?
23
Suppose 2*m = 5 - 1. Suppose 186 + 12 = m*z. Let k = 65 - 45. Calculate the remainder when z is divided by k.
19
Calculate the remainder when 406 is divided by (280/(-32))/7 - (-17)/4.
1
Let w be -8*(-1 - 35/(-10)). What is the remainder when 2 + w/11 - (-6028)/121 is divided by 19?
12
Calculate the remainder when 55 + 3 + 2 + (-1 - -1) is divided by 31.
29
Let x(s) = -1 - 12*s**2 + 8*s**3 - 3*s - 7*s**3 + 2*s. Let r be x(12). Let b = 22 + r. Calculate the remainder when 15 is divided by b.
6
Let o = -335 + 337. What is the remainder when 30 is divided by o?
0
Suppose 0 = 36*z - 292 + 112. Calculate the remainder when z is divided by 2.
1
Suppose -13*a - 4*t - 32 = -15*a, 2*a = 2*t + 22. What is the remainder when 79 is divided by a?
1
Let j(g) = 6*g**2 + 2. Let i be j(-5). Calculate the remainder when (4 - 3) + 54 - 1 is divided by i/20*10/4.
16
Suppose 6*m = 3 + 9. Let s(n) = 7*n**3 - n**2 - n + 4. What is the remainder when s(m) is divided by 15?
9
Suppose -5*y + 20 = 0, -2*k + 4*y - 47 - 419 = 0. Calculate the remainder when -20*-2*(-4)/(-8) is divided by (-2)/(-7) - k/21.
9
Let h = 935 - 475. What is the remainder when h is divided by 42?
40
Suppose 5*o - 4*s + 59 = 0, 5*s - 2*s + 42 = -2*o. What is the remainder when (-5)/o + 35/3 is divided by 12?
0
Suppose 10*g = 9*g + 6. Suppose -7*c - g + 125 = 0. Calculate the remainder when c is divided by 4.
1
Let j(r) = 3*r - 30. Let b be j(12). What is the remainder when 37 is divided by (-555)/(-60) - b/(-8)?
7
Let o = 140 - 82. Let z(u) = u**2 - 2*u - 1. Let p be z(5). Suppose 0 = -4*l + o + p. Calculate the remainder when 34 is divided by l.
16
Suppose -v - 7 = 3*h, 0*v - 3*v = -h + 1. Suppose -3*x - 163 = -4*l, 0 = -4*x + 2*x - 10. What is the remainder when l is divided by 7 + -6*1/h?
7
Let y = -7 + 25. Let u be (4/y)/((-2)/(-18)). Suppose -10 = -3*o + u. Calculate the remainder when o is divided by 4.
0
Let m be (-1)/((-418)/(-210) + -2). Let q(n) = -n - 9. Let b be q(-12). What is the remainder when (m/28)/(b/16) is divided by 11?
9
Let z = 554 - 519. What is the remainder when z is divided by 10?
5
Let l(f) = -10*f - 164. Calculate the remainder when 169 is divided by l(-18).
9
Suppose 0 = 4*y + 2*w - 348, 13*y - w + 438 = 18*y. What is the remainder when 260 is divided by y?
84
Let q = -319 + 464. Suppose 4*l - 3*y = -l - 420, y = 4*l + 343. Let j = q + l. What is the remainder when j is divided by 30?
28
Suppose -5*y + 6 = c - 17, 0 = -5*y + 2*c + 29. Calculate the remainder when 24 is divided by y.
4
Suppose -u + 5*u - 12 = 0. Let k be 3 - (-1)/(u/18). Let q = k - 0. Calculate the remainder when 17 is divided by q.
8
Let z = -10 + 16. Let n(l) = l**3 - 5*l**2 - 3*l + 6. Calculate the remainder when 7*-1 + (-8 - (-83 - 2)) is divided by n(z).
22
Calculate the remainder when 45 is divided by (384/(-36))/((-14)/(-6) - 3).
13
Suppose 2*p - 52 = -4*w, -2*w - 62 = -6*w + 3*p. Suppose w - 34 = -5*b. Calculate the remainder when 7 is divided by b.
3
Suppose -5*i - 189 = -12*i. Let v = 43 - i. Calculate the remainder when 4/10 + 616/10 is divided by v.
14
Let v be ((-8)/(-24))/(2/48). Suppose v*n - 3*n = y - 20, 0 = n + 2. Suppose y = 5*a - 35. What is the remainder when 26 is divided by a?
8
Let f(q) = q**3 - 5*q**2 + 3*q - 2. Let t be f(8). Suppose t = 2*w - 156. Suppose n + 4*n = w. What is the remainder when n is divided by 13?
11
Suppose -11*w = -673 - 1912. Calculate the remainder when w is divided by 79.
77
Calculate the remainder when (8/1)/(-4)*(-7 + 0) is divided by (21 - 19) + (-4)/2*-1.
2
Let q be ((-3)/(-3))/(4/(-36)). Calculate the remainder when q/6 + (-91)/(-2) is divided by ((-16)/24)/((-4)/90).
14
Suppose 0 = -5*x + 3*g + 120, 37 = x + 2*g + 13. Suppose -24*t + 312 = -0*t. What is the remainder when x is divided by t?
11
Let w(k) = -k**3 - 5*k**2 - 39*k - 85. Calculate the remainder when (2/5)/(2/120) is divided by w(-3).
10
Let x(b) = -b**2 + 7*b - 4. Let n = -6 - -11. What is the remainder when 13 is divided by x(n)?
1
Let s(o) = 3*o**3 - 6*o**2 + 3*o + 13. What is the remainder when 126 is divided by s(3)?
28
Let j(k) = -23*k + 377. What is the remainder when j(8) is divided by 45?
13
Let l = 186 - 120. Let g = l + -60. Let u(k) = 2*k**3 + 2*k**2 - 1. What is the remainder when u(2) is divided by g?
5
Suppose 3*s + 0 - 6 = 0. Let j be (s + 1)*(-10)/(-6). Suppose 0 = -j*h + 3*y + 22, 0 = -h + y + 2*y + 14. What is the remainder when 2 is divided by h?
0
Let v = 2 - -10. Let b be 6/4 - 1986/v. What is the remainder when ((-6)/4)/(3/b) is divided by 28?
26
What is the remainder when 49 is divided by (48/80)/((-2)/(-80)) - 2?
5
Let i = 46 - 166. Calculate the remainder when 0/(-1) + i/(-10) is divided by 5.
2
Let u = 808 - 698. Calculate the remainder when u is divided by 49.
12
Let j be 2/((-8)/(-20))*1. Calculate the re